{"id":75891,"date":"2023-06-21T11:56:26","date_gmt":"2023-06-21T08:56:26","guid":{"rendered":"https:\/\/irlanyahomes.com\/?post_type=estate&#038;p=75891"},"modified":"2025-02-26T13:17:12","modified_gmt":"2025-02-26T10:17:12","slug":"kucuker-palazzo-residence-project-for-sale-in-kestel","status":"publish","type":"estate","link":"https:\/\/irlanyahomes.com\/sv\/properties\/projects\/kestel\/kucuker-palazzo-residence-project-for-sale-in-kestel\/","title":{"rendered":"K\u00fc\u00e7\u00fcker Palazzo Residence Project Till salu i Kestel"},"content":{"rendered":"<p>V\u00e5rt projekt, designat av den v\u00e4rldsber\u00f6mda designern \u015eafak \u00c7ak, ligger vid havet och ligger i Alanya Kestel-regionen. Passagen till havet fr\u00e5n v\u00e5rt projekt, som kommer att byggas p\u00e5 en uppskattad yta av 7 tusen m\u00b2, tillhandah\u00e5lls av b\u00e5de en g\u00e5ngtunnel och en \u00f6verfart.<\/p>\n<p>De sociala omr\u00e5dena i v\u00e5rt K\u00fc\u00e7\u00fcker Palazzo-projekt \u00e4r f\u00f6ljande;<\/p>\n<p>&#8211; Utomhus- och inomhuspool<\/p>\n<p>&#8211; Gym<\/p>\n<p>&#8211; Lekplats f\u00f6r barn<\/p>\n<p>&#8211; Spacenter<\/p>\n<p>&#8211; Massagerum<\/p>\n<p>&#8211; Biograf<\/p>\n<p>&#8211; Turkiskt bad<\/p>\n<p>&#8211; Bastu<\/p>\n<p>&#8211; \u00c5ngbastu<\/p>\n<p>&#8211; Yogaomr\u00e5den<\/p>\n<p>&#8211; \u00d6ppen och delvis t\u00e4ckt parkeringsplats<\/p>\n<p>&#8211; Tillg\u00e4ngligt f\u00f6r funktionshindrade<\/p>\n<p>Slutdatumet f\u00f6r v\u00e5rt projekt \u00e4r maj 2025.<\/p>","protected":false},"excerpt":{"rendered":"<p>V\u00e5rt projekt, designat av den v\u00e4rldsber\u00f6mda designern \u015eafak \u00c7ak, ligger vid havet och ligger i Alanya Kestel-regionen. Passagen till havet fr\u00e5n v\u00e5rt projekt, som kommer att byggas p\u00e5 en uppskattad yta av 7 tusen m\u00b2, tillhandah\u00e5lls av b\u00e5de en g\u00e5ngtunnel och en \u00f6verfart. De sociala omr\u00e5dena i v\u00e5rt K\u00fc\u00e7\u00fcker Palazzo-projekt \u00e4r f\u00f6ljande; &#8211; Utomhus- och [&hellip;]<\/p>\n","protected":false},"author":14,"featured_media":75894,"template":"","_links":{"self":[{"href":"https:\/\/irlanyahomes.com\/sv\/wp-json\/wp\/v2\/estate\/75891"}],"collection":[{"href":"https:\/\/irlanyahomes.com\/sv\/wp-json\/wp\/v2\/estate"}],"about":[{"href":"https:\/\/irlanyahomes.com\/sv\/wp-json\/wp\/v2\/types\/estate"}],"author":[{"embeddable":true,"href":"https:\/\/irlanyahomes.com\/sv\/wp-json\/wp\/v2\/users\/14"}],"wp:featuredmedia":[{"embeddable":true,"href":"https:\/\/irlanyahomes.com\/sv\/wp-json\/wp\/v2\/media\/75894"}],"wp:attachment":[{"href":"https:\/\/irlanyahomes.com\/sv\/wp-json\/wp\/v2\/media?parent=75891"}],"curies":[{"name":"wp","href":"https:\/\/api.w.org\/{rel}","templated":true}]}}

Küçüker Palazzo Residence Project Till salu i Kestel

<p>Vårt projekt, designat av den världsberömda designern Şafak Çak, ligger vid havet och ligger i Alanya Kestel-regionen. Passagen till havet från vårt projekt, som kommer att byggas på en uppskattad yta av 7 tusen m², tillhandahålls av både en gångtunnel och en överfart.</p>
<p>De sociala områdena i vårt Küçüker Palazzo-projekt är följande;</p>
<p>&#8211; Utomhus- och inomhuspool</p>
<p>&#8211; Gym</p>
<p>&#8211; Lekplats för barn</p>
<p>&#8211; Spacenter</p>
<p>&#8211; Massagerum</p>
<p>&#8211; Biograf</p>
<p>&#8211; Turkiskt bad</p>
<p>&#8211; Bastu</p>
<p>&#8211; Ångbastu</p>
<p>&#8211; Yogaområden</p>
<p>&#8211; Öppen och delvis täckt parkeringsplats</p>
<p>&#8211; Tillgängligt för funktionshindrade</p>
<p>Slutdatumet för vårt projekt är maj 2025.</p>

<p>Vårt projekt, designat av den världsberömda designern Şafak Çak, ligger vid havet och ligger i Alanya Kestel-regionen. Passagen till havet från vårt projekt, som kommer att byggas på en uppskattad yta av 7 tusen m², tillhandahålls av både en gångtunnel och en överfart. De sociala områdena i vårt Küçüker Palazzo-projekt är följande; &#8211; Utomhus- och [&hellip;]</p>
