{"id":75891,"date":"2023-06-21T11:56:26","date_gmt":"2023-06-21T08:56:26","guid":{"rendered":"https:\/\/irlanyahomes.com\/?post_type=estate&#038;p=75891"},"modified":"2025-02-26T13:17:12","modified_gmt":"2025-02-26T10:17:12","slug":"kucuker-palazzo-residence-project-for-sale-in-kestel","status":"publish","type":"estate","link":"https:\/\/irlanyahomes.com\/ba\/properties\/projects\/kestel\/kucuker-palazzo-residence-project-for-sale-in-kestel\/","title":{"rendered":"K\u00fc\u00e7\u00fcker Palazzo Residence projekat na prodaju u Kestelu"},"content":{"rendered":"<p>Na\u0161 projekat, koji je dizajnirao svjetski poznati dizajner \u015eafak \u00c7ak, nalazi se na moru i nalazi se u regiji Alanya Kestel. Prolaz do mora iz na\u0161eg projekta, koji \u0107e se graditi na procijenjenoj povr\u0161ini od 7 hiljada m\u00b2, omogu\u0107en je i podvo\u017enjakom i nadvo\u017enjakom.<\/p>\n<p>Dru\u0161tvene oblasti u na\u0161em projektu K\u00fc\u00e7\u00fcker Palazzo su sljede\u0107e;<\/p>\n<p>&#8211; Vanjski i zatvoreni bazen<\/p>\n<p>&#8211; Sala za fitnes<\/p>\n<p>&#8211; De\u010dja igraonica<\/p>\n<p>&#8211; Spa centar<\/p>\n<p>&#8211; Soba za masa\u017eu<\/p>\n<p>&#8211; Kino<\/p>\n<p>&#8211; Tursko kupatilo<\/p>\n<p>&#8211; Sauna<\/p>\n<p>&#8211; Parna soba<\/p>\n<p>&#8211; Joga podru\u010dja<\/p>\n<p>&#8211; Otvoreni i polunatkriveni parking<\/p>\n<p>&#8211; Pristup invalidima<\/p>\n<p>Rok za zavr\u0161etak na\u0161eg projekta je maj 2025.<\/p>","protected":false},"excerpt":{"rendered":"<p>Na\u0161 projekat, koji je dizajnirao svjetski poznati dizajner \u015eafak \u00c7ak, nalazi se na moru i nalazi se u regiji Alanya Kestel. Prolaz do mora iz na\u0161eg projekta, koji \u0107e se graditi na procijenjenoj povr\u0161ini od 7 hiljada m\u00b2, omogu\u0107en je i podvo\u017enjakom i nadvo\u017enjakom. Dru\u0161tvene oblasti u na\u0161em projektu K\u00fc\u00e7\u00fcker Palazzo su sljede\u0107e; &#8211; Vanjski [&hellip;]<\/p>\n","protected":false},"author":14,"featured_media":75894,"template":"","_links":{"self":[{"href":"https:\/\/irlanyahomes.com\/ba\/wp-json\/wp\/v2\/estate\/75891"}],"collection":[{"href":"https:\/\/irlanyahomes.com\/ba\/wp-json\/wp\/v2\/estate"}],"about":[{"href":"https:\/\/irlanyahomes.com\/ba\/wp-json\/wp\/v2\/types\/estate"}],"author":[{"embeddable":true,"href":"https:\/\/irlanyahomes.com\/ba\/wp-json\/wp\/v2\/users\/14"}],"wp:featuredmedia":[{"embeddable":true,"href":"https:\/\/irlanyahomes.com\/ba\/wp-json\/wp\/v2\/media\/75894"}],"wp:attachment":[{"href":"https:\/\/irlanyahomes.com\/ba\/wp-json\/wp\/v2\/media?parent=75891"}],"curies":[{"name":"wp","href":"https:\/\/api.w.org\/{rel}","templated":true}]}}

Küçüker Palazzo Residence projekat na prodaju u Kestelu

<p>Naš projekat, koji je dizajnirao svjetski poznati dizajner Şafak Çak, nalazi se na moru i nalazi se u regiji Alanya Kestel. Prolaz do mora iz našeg projekta, koji će se graditi na procijenjenoj površini od 7 hiljada m², omogućen je i podvožnjakom i nadvožnjakom.</p>
<p>Društvene oblasti u našem projektu Küçüker Palazzo su sljedeće;</p>
<p>&#8211; Vanjski i zatvoreni bazen</p>
<p>&#8211; Sala za fitnes</p>
<p>&#8211; Dečja igraonica</p>
<p>&#8211; Spa centar</p>
<p>&#8211; Soba za masažu</p>
<p>&#8211; Kino</p>
<p>&#8211; Tursko kupatilo</p>
<p>&#8211; Sauna</p>
<p>&#8211; Parna soba</p>
<p>&#8211; Joga područja</p>
<p>&#8211; Otvoreni i polunatkriveni parking</p>
<p>&#8211; Pristup invalidima</p>
<p>Rok za završetak našeg projekta je maj 2025.</p>

<p>Naš projekat, koji je dizajnirao svjetski poznati dizajner Şafak Çak, nalazi se na moru i nalazi se u regiji Alanya Kestel. Prolaz do mora iz našeg projekta, koji će se graditi na procijenjenoj površini od 7 hiljada m², omogućen je i podvožnjakom i nadvožnjakom. Društvene oblasti u našem projektu Küçüker Palazzo su sljedeće; &#8211; Vanjski [&hellip;]</p>
